k. What is the tens digit of u?
8
Let b(d) = 19*d - 1. Let z = 45 - 43. Suppose z*u - 6 = -2. What is the units digit of b(u)?
7
Let g = 1183 - 8343. Let s be (2/(-8))/(10/g). Suppose -7*k + 8*k = s. What is the tens digit of k?
7
Let v(l) = -54*l + 323. Let h be v(6). What is the hundreds digit of 2*(2 + h) - -263?
2
Suppose 100*i + 39*i - 1547904 = 0. What is the hundreds digit of i?
1
What is the ten thousands digit of 29/348 + 3210831/108?
2
Let s = -253 + 253. Suppose s = 20*q - 10*q - 4840. What is the tens digit of q?
8
Let x = 28986 + -1940. What is the ten thousands digit of x?
2
Let j = 184 - 196. Let l(f) be the second derivative of f**5/20 + f**4 - 5*f**3/6 + 4*f**2 + 3*f. What is the tens digit of l(j)?
6
Let o = 61 - 49. Let j = -12 + o. Let v(i) = i**2 + 88. What is the tens digit of v(j)?
8
Suppose 0 = 3*v - 4*n - 18569, 9752 = 2*v + 4*n - 2634. What is the thousands digit of v?
6
Suppose 20*a + 706 = -294. Let s = 385 - a. What is the units digit of s?
5
Let f be -6*1*(7 + -5). Suppose -3*x - 7 = -5*a - 0*x, a + 5*x + 21 = 0. What is the tens digit of (f - -16) + (-2 - a*158)?
6
Suppose -4*c + 6180 = 4*v, -29*c + 3*v = -30*c + 1537. Let p = c + -907. What is the hundreds digit of p?
6
Suppose 6*c - 91 + 61 = 0. Let w = 79 + c. What is the tens digit of w?
8
Let h(q) = q**3 + 4*q**2 - 4*q. Let g be h(-6). What is the units digit of (-6945)/(-18) + 4*(-2)/g?
6
Let j = 198 + -191. Let h(a) = a**3 + 6*a**2 - a - 1. Let n be h(-6). Suppose n*g + j - 67 = 0. What is the tens digit of g?
1
Let c(o) = 2*o**2 - o + 2. Let y be c(0). Suppose 6*s + y - 14 = 0. Suppose 5*n + 5 + 0 = 0, -s*i = n - 489. What is the hundreds digit of i?
2
Suppose 2*j - 38 = 5*r, 5*j - 19 - 47 = -2*r. Let l be (-45)/(-9) + 2/((-10)/15). Suppose -l*h + 54 = j. What is the tens digit of h?
2
Suppose -47*n - 1243 = -46*n. Let u = n + 1782. What is the hundreds digit of u?
5
Suppose 0 = 5*u - 14*c - 14221 - 157414, u - 2*c - 34331 = 0. What is the units digit of u?
1
Suppose 9*x = 10*x. Let q = 6 + x. Suppose q*s - 112 = 4*s - 2*y, 3*y = 5*s - 304. What is the tens digit of s?
5
Suppose -52*m + 60*m = 3072. Suppose 107 = r - m. What is the tens digit of r?
9
Let a be 4 + 4/(-2 - 2). Suppose 6 = -3*p, -2*l - 4*p + 322 = -a*p. Suppose l + 783 = 7*m. What is the hundreds digit of m?
1
Let n(h) = -h**2 - 6*h + 10. Suppose -j + 2*j = -5. What is the units digit of n(j)?
5
Let a = -21 - -16. Let j(d) = 4*d + 9. Let y be j(a). Let u = y - -12. What is the units digit of u?
1
Let h = -8404 - -34556. What is the ten thousands digit of h?
2
Suppose 1175 = -26*s + 31*s. Suppose o = 2*o - s. What is the tens digit of o?
3
What is the tens digit of (-7)/189*-9 - ((-106648)/6)/4?
4
Let n be (8 + -6)/(4/14) - -1. Suppose 4*t + n = -5*c - 15, 5*t + 40 = -4*c. What is the tens digit of (172/t + -1)*-3?
4
Suppose 4*i - 3*r = -443 - 2749, 3*r + 1578 = -2*i. What is the hundreds digit of 2/((-1600)/i + 4/(-2))?
1
Let j(m) = -14*m**2 - 22*m + 34960. What is the ten thousands digit of j(0)?
3
Suppose 90710 - 95079 = 12*p - 222217. What is the ten thousands digit of p?
1
What is the thousands digit of -13 - (-747065)/(24 - 7)?
3
Let w be ((-14)/(-4) - 3)*86. Let d = w - 25. Suppose 0 = 2*v - 4*v + d. What is the units digit of v?
9
Let h(b) = 11*b**3 - 721*b**2 - 45*b + 101. What is the hundreds digit of h(66)?
9
Let g = -454 - -1870. What is the units digit of g?
6
Let o(u) = -5*u**2 - 27*u - 48. Let i(f) = -4*f**2 - 28*f - 49. Let h(s) = 4*i(s) - 3*o(s). Let r = -741 + 717. What is the tens digit of h(r)?
1
Suppose -5*y = 2*j - 57, 2*j = -2*j + 4*y + 100. Let d be 6/(-1)*(-39)/j. Suppose 7*c = d*c - 68. What is the tens digit of c?
3
Suppose 5*m - 1304 = 1126. Suppose -166 = 4*s - m. Let c = -38 + s. What is the tens digit of c?
4
Let f(k) = 86*k**2 + 14*k + 26. Let p be f(-2). Suppose -7*l - 865 = -5*m - 2*l, p = 2*m - l. What is the units digit of m?
9
Let n(y) = -21*y**2 + 7*y + 7. Let f(c) = -10*c**2 + 3*c + 4. Let g(l) = -13*f(l) + 6*n(l). Let x be g(-6). Let t = x - -53. What is the tens digit of t?
6
Suppose 0 = -4*y - 2*o + 34016, -5*y + 8504 = -4*y - o. What is the tens digit of y?
0
Let m = 5016 - 534. What is the thousands digit of m?
4
Let v(m) = -42*m + 19. Let k(r) = 21*r - 10. Let a(c) = -13*k(c) - 6*v(c). What is the tens digit of a(-20)?
3
Let l(r) = 629*r - 1560. What is the tens digit of l(16)?
0
What is the units digit of 20/30*(-32154)/(-4)?
9
Suppose -66*f - 2*m + 48036 = -65*f, -5*f + m = -240081. What is the units digit of f?
8
Suppose 15*v - 121662 = -55234 + 101932. What is the thousands digit of v?
1
Let c = 9128 + -7777. What is the thousands digit of c?
1
Let h(t) = 6*t + 56. Let j be h(-8). What is the tens digit of (-12)/j*(-1920)/9?
2
Suppose 0*v = v - 3*d + 15, -4*v + d - 5 = 0. Suppose 3 = -i + 5*b + 174, v = 5*b - 5. Suppose -i = 14*u - 18*u. What is the tens digit of u?
4
Let q = 25922 + -15745. What is the thousands digit of q?
0
Let v(d) = -d**3 - d**2 - 5*d + 12. Suppose 0 = -24*x + 23*x - 4. What is the units digit of v(x)?
0
Let z = -23137 - -38918. What is the units digit of z?
1
Let w = 11336 - 11335. What is the units digit of w?
1
Let m(k) = 11*k + 12*k**2 + 3*k**2 + 47 - 11*k**3 + 10*k**3. Let c be m(16). Let v = 61 + c. What is the units digit of v?
8
Let d = 53 - 51. Suppose -4*v - d + 2 = 0. Suppose v = 8*p - 17*p + 1251. What is the units digit of p?
9
Let l be (-5 - (-2 + 1)) + (4 - -2). What is the units digit of (l/1)/(1/229)?
8
Let v be 1/((-27)/(-15639)) - (-2)/(-9). Suppose v = -4*y + 7*y. What is the tens digit of y?
9
Suppose 9920 = 5*c + w - 17668, -3*c + 5*w + 16536 = 0. What is the hundreds digit of c?
5
Let o be (-5)/(5/(-303)) - (-3 + 1). Let u = o + -170. What is the tens digit of (-2)/(-8) + u/4?
3
Let l(r) = -3*r + 21. Let n be l(-10). Let h be 77 + 1/((-2)/(-4)*-1). Let z = n + h. What is the hundreds digit of z?
1
Let p(y) = 30 - 13*y**2 - 39*y + 12 - y**3 - 46. What is the units digit of p(-10)?
6
Suppose -5*r - 40 = 0, 0 = -5*x + 70*r - 66*r + 105182. What is the units digit of x?
0
Let l be 12808/40 - (-1)/(-5). What is the tens digit of l + 2 + -3 + 64/16?
2
Suppose 3363 + 14937 = 75*d. What is the units digit of d?
4
Let u = -4495 - -11618. What is the hundreds digit of u?
1
Suppose 7*m - 34 = 1. Suppose -18 = -4*w - 2*i, -2*w - 17 = 2*w - m*i. Let n = 11 + w. What is the units digit of n?
3
Let f be 2/3*(8 + -2). Let u be -16 + ((-24)/168 - (-39)/(-21)). What is the tens digit of u/f*((-66)/9 + 2)?
2
Let m(n) = 22*n - 63. Let u be m(3). Suppose u*a = 8*a - 630. What is the tens digit of a?
2
Let g = -234 + 239. Suppose 3*y + 702 = g*n, 0*n = n + 3*y - 144. What is the units digit of n?
1
Let q(a) be the third derivative of 5/3*a**3 + 0*a + 2/15*a**5 + 0 - 5/12*a**4 - 9*a**2 - 1/120*a**6. What is the tens digit of q(6)?
2
Let a be -1*-6*(-33)/6*1. Let m = a - -38. Suppose m*y = 12*y - 651. What is the units digit of y?
3
Suppose 2*j - 2*c = 126740, 5*j - 3*c = 410562 - 93708. What is the units digit of j?
2
Suppose -3*k + l = -50007, 3*k + 619*l = 614*l + 50007. What is the units digit of k?
9
Let o(v) = -7*v + 26 + 2*v + 0*v + 8*v. Let y be o(-6). Suppose -2*b - y = 0, 2*l - 468 = -0*l - 3*b. What is the hundreds digit of l?
2
Suppose 3*i = 2*n + 5218, -3*i - 9*n + 10*n + 5213 = 0. What is the units digit of i?
6
Suppose 0 = -3*x + 3*b + 33, -4*x + 49 = -5*b + 6. Suppose -1053 = -x*g + 13851. What is the thousands digit of g?
1
Suppose -3*l + 171 = 15. Let n = l + 182. Suppose -i - n = -4*i. What is the units digit of i?
8
Let j = 19 - 42. Suppose -3*y + 154 = -125. Let k = j + y. What is the tens digit of k?
7
Let s = 40506 - 20295. What is the tens digit of s?
1
Suppose 0 = 3*q + 5*g + 58, -8*q + 3*g = -5*q + 90. What is the hundreds digit of 5264/20*(-65)/q?
6
Let o(x) = -3*x**2 + 304*x - 530. What is the thousands digit of o(39)?
6
Let s = 5127 + -1783. What is the thousands digit of s?
3
Let g(t) = t**3 + 4*t**2 - 3*t - 4. Let p be g(-6). Let r = -54 - p. Suppose -6*v + 110 = -v + 2*w, -r*v + 3*w = -111. What is the tens digit of v?
2
Let l(r) = 5*r**2 + 37*r - 682. What is the hundreds digit of l(33)?
9
Suppose 7*d = 2*d + 975. Let t = 64 + d. What is the hundreds digit of t?
2
Let j(i) = -14334*i - 